= p - 7. Let l = -4 + 0. Let b = 1 + l. Let g be 1/(((-9)/b)/21). Calculate w(g).
0
Let x = -27 + 29. Let y(h) = -3*h**2 - 1 + 4*h**2 + 6*h - 2*h**x + 0. Suppose 18 = v + 2*v. Give y(v).
-1
Let b(f) = -19*f**3 + 2*f**2 - 10*f + 3. Let d(t) = 21*t**3 - 2*t**2 + 12*t - 4. Let g(l) = 7*b(l) + 6*d(l). What is g(1)?
-6
Let d(j) = -j**3 - 2*j**2 - 2. Let g(x) = -2*x**3 + 6*x**2 + 2*x - 4. Suppose -45*k - 9 = -48*k. Let o be g(k). Give d(o).
-18
Suppose q - 20 = 3*z + z, -z - 16 = -3*q. Let o be (-4)/6*12/2. Let v = z - o. Let f(x) = x**3 - x**2 + x + 6. Give f(v).
6
Let q(h) = -3*h - 23. Let n(k) = -6*k - 45. Let m(a) = -3*n(a) + 5*q(a). Let x be m(-9). Let s = -8 - x. Let j(w) = 3*w + 1. Calculate j(s).
-2
Let b be ((-22)/10)/((-2)/10). Let m(j) = j**2 - 8*j - 28. Determine m(b).
5
Let k(v) = 1 + 2 - v**2 - 7 - 2*v - 2*v. Let y be (14/(-21))/(2/9). Give k(y).
-1
Let m(r) = -6*r**3 - 2*r**2 + 1. Let i(h) = 17*h**3 - 6. Let f(k) = 18*k**3 - k**2 - 7. Let n(z) = 4*f(z) - 5*i(z). Let t(v) = -11*m(v) + 6*n(v). Give t(-1).
11
Let k(o) = o**3 + 5*o**2 + 2*o + 2. Suppose 5*m - 7 = 13. Suppose -m*r + 4 = -5*r. What is k(r)?
10
Let h(l) = -l**3 - 7*l**2 + 10*l + 3. Suppose 359 = -4*y + 119. Let b = y + 52. What is h(b)?
-13
Let k(c) be the second derivative of -7*c**3/6 - 6*c**2 - 123*c. What is k(-2)?
2
Let z(g) = -166 + g + 3*g**2 - 3*g - g**3 + 168 + g. What is z(2)?
4
Let h = -12 + 18. Suppose -h*w + w = 0. Let s(u) = -u**3 + u**2 - u - 2. Calculate s(w).
-2
Let f(z) be the second derivative of -z**4/12 - 7*z**3/6 - 2*z**2 - 220*z. What is f(-5)?
6
Let a(u) = u + 8. Let c be a(-6). Suppose 20 = c*l - 2*o, -3*l + 4*o + o = -40. Let k(y) = -7 + 5*y**2 - 6*y + l*y - 8*y + y**3. What is k(-6)?
11
Let z(v) be the first derivative of -v**4/4 + 2*v**3 - 7*v**2/2 + v - 87. What is z(3)?
7
Suppose 0*g = -2*v - 3*g + 2, 5*v + 4*g - 5 = 0. Let n(p) = 11*p**2 - 7. Let x(i) = -16*i**2 + 10. Let w(m) = 7*n(m) + 5*x(m). Give w(v).
-2
Let a(w) = -w**3 - 10*w**2 - 10*w - 12. Let o be a(-9). Suppose 0 = 5*z - 3 - 2. Let f(b) = 0 + b**3 - z + 59*b**2 + 0 - 56*b**2. Calculate f(o).
-1
Let b(x) be the third derivative of -7*x**6/120 - x**5/60 + x**3/6 - 128*x**2. Suppose 4*z = -0*z + 4. Determine b(z).
-7
Suppose 0*r + 1 = r. Let d be -6 + (4 - r) + 7. Let o(u) = -u + 8 - 2*u**3 + u**3 - 2 - d*u**2 - 3. Give o(-4).
7
Let w be 3*(-4)/(-6) - 8. Let q be (-6)/2 + (w - -9). Let k(m) = -3*m**2 - m**2 - m**3 + q*m**3 - m. Calculate k(-3).
-6
Suppose -7*c + 17 = 59. Let b(s) = -s**2 - 7*s - 1. Give b(c).
5
Suppose 14*r + 60 = 9*r. Let s be (-5)/7 - r/(-42). Let h(l) = 17*l**2 - 1. Give h(s).
16
Let a(z) = 3*z**3 - 15*z**2 + 5*z + 5. Let f(c) = 12 + 3*c - 2*c**3 - 15 - 5*c + 8*c**2. Let m(w) = 3*a(w) + 5*f(w). What is m(-6)?
6
Let d(q) be the third derivative of q**5/40 - q**4/8 - 5*q**3/2 + 17*q**2. Let c(x) be the first derivative of d(x). What is c(3)?
6
Let i(p) = -2*p + 18. Let g(x) = 4*x - 37. Let c(n) = -3*g(n) - 5*i(n). Let f be c(11). Let z(h) = 2*h + 1. Determine z(f).
-1
Suppose -6*s - 4 = 20. Let v(f) = f**2 + 2*f + 6. Let z(p) = -3*p**2 - 4*p - 13. Let i(b) = 5*v(b) + 2*z(b). Calculate i(s).
-20
Suppose 0 = -p + 5*j - 4, 5*j - 20 = 5*p - 0*p. Let n(t) = -t**3 - 5*t**2 - 5*t - 2. Let d(f) = -f**3 - 5*f**2 - 5*f - 2. Let a(m) = 5*d(m) - 6*n(m). Give a(p).
-2
Let b(h) = -2*h - 1. Let k(q) = 2*q + 27. Let u(d) = -2*b(d) - k(d). What is u(11)?
-3
Suppose d - 3 = n + 104, 0 = d + 3*n - 99. Let u = d + -112. Let v(p) = p**2 + 8*p - 6. Give v(u).
-13
Let t(q) = 4*q + 9. Let w be t(-5). Let g = 18 + w. Let n(f) = 7*f + f - 1 - g*f. What is n(-5)?
-6
Let l(o) = -14*o + 38. Let r be l(7). Let z be 22/(-8) + 15/r. Let g(u) = u**2 + 5*u + 4. Calculate g(z).
-2
Let l(b) = 2*b**3 + 10*b**2 + 8*b - 9. Let h(k) = -k**3 + k + 1. Let w(p) = -3*h(p) - l(p). Calculate w(11).
6
Let b(p) = p**2 - p - 3. Let g be 27 - -4 - (0/(-2) - 0). Let a = -31 + g. Give b(a).
-3
Let q(f) = 3*f + 4. Let t(h) = 7*h**3 - 4*h**2 - 4*h - 1. Let o be t(-1). Give q(o).
-20
Let r = 20 - 20. Let u(g) = -4 - g + 0 + r + 2*g. What is u(-4)?
-8
Let z(x) = 5*x**3 + 11*x**2 - 7*x + 7. Let n(q) = 9*q**3 + 21*q**2 - 14*q + 15. Let l(g) = -4*n(g) + 7*z(g). Let o = 10 - 18. Give l(o).
-3
Let i(h) = -8*h + 1. Let m be (26/13)/((-1)/10). Let d = m + 25. Suppose -3*a - 2 = -t - 9, d*a = 2*t + 12. Give i(t).
9
Let b be (2520/(-54))/10 - (-4)/6. Let n(q) = 2*q + 1. Let z(t) = 1. Let m(k) = -n(k) - 4*z(k). What is m(b)?
3
Let u = -21 + 26. Suppose 0 = -2*a - 2*t + 22, u*a = 3*a - 4*t + 32. Let c(l) = 1 + 4 + l**3 + 2 + 3*l - a*l**2. Give c(5).
-3
Suppose -2*u - 11 = -5*l, -2*u + 0*u = -3*l + 5. Let q(w) = 2*w**2 - 2 - 7*w - w**u + 4 - 6. Calculate q(7).
-4
Let d(q) = q**3 - 4*q**2 - 3*q + 9. Let j be 9/(-3)*(-140)/84. Give d(j).
19
Let r(h) = h - 7. Let a be r(11). Suppose 5*o = -a + 19. Let v(x) = 4 - x**2 - o + 0*x**2. Calculate v(-3).
-8
Let c be 26 - 4/(-2) - 1. Let a be (-3)/(-2)*126/c. Let y(t) be the second derivative of t**5/20 - t**4/2 - 3*t**3/2 + 5*t**2 - 2*t. What is y(a)?
-4
Let g(b) = 2*b + 2. Let q(a) be the first derivative of -a**3/3 + 6*a + 23. Let i be q(-3). Give g(i).
-4
Suppose -m = 4*y - 7, 2*y - y = -2*m. Let t(s) = -s + 8 - 7 - y*s**2 + 0. What is t(-2)?
-5
Suppose -52 = 2*f + 2*f + 2*l, -2*f = -4*l + 26. Let j be (3 - 1) + 15 + f. Suppose j*y + 2*c = 3*y + 7, y + 4*c = 9. Let n(w) = -w**2 + 7*w. Determine n(y).
10
Let k(o) = -5*o**3 - 7*o**2 - 7*o - 1. Let p(s) = s**3 + s**2 + s. Let x(y) = -k(y) - 6*p(y). Suppose 8 = 6*c - 4. Give x(c).
-1
Let f(h) = -18*h + 5 - 8 + 22*h + 6. Calculate f(-3).
-9
Let y(u) be the second derivative of -7*u**5/10 - u**4/6 + u**3/6 - u. Let c be (1/3 - (-77)/(-33))*(-2)/4. Determine y(c).
-15
Let g(j) = 8*j**2 + 8*j**2 - 10*j + 8*j**2 - 5 + 6 - 25*j**2. What is g(-8)?
17
Let o(u) = 9*u**2 + 18*u + 16. Let t(x) be the second derivative of -x**4/3 - 3*x**3/2 - 4*x**2 - 13*x. Let a(g) = -3*o(g) - 7*t(g). Give a(-7).
-6
Let y(k) = k**2 - k - 4. Let c be y(0). Let g(l) = 10*l**2 - 5 - 13*l - 5*l + 21*l - 8*l**2. Give g(c).
15
Let k = -40 + -26. Let l = k + 62. Let b(d) = 5*d + 6 + d**3 - 2*d + 5*d**2 + d. Determine b(l).
6
Suppose 0 = 48*n - 66*n + 72. Let q(b) = b - 5. Let d(t) = t - 5. Let g(c) = -4*d(c) + 3*q(c). Determine g(n).
1
Let t(d) be the first derivative of -1/2*d**2 + 6*d + 1/4*d**4 + 5 + 0*d**3. Calculate t(0).
6
Let t(g) = -4*g**3 - 5*g**2 + 8*g - 14. Suppose 20 = 6*d + 2. Let z(u) = 5*u**3 + 4*u**2 - 8*u + 15. Let f(k) = d*z(k) + 4*t(k). Calculate f(-9).
-2
Let c(l) = l**3 - 4*l**2 + 2*l - 2. Let s(m) = m**2 - m. Let d(n) = c(n) + 2*s(n). Suppose -4*k + 17*k = 39. What is d(k)?
7
Let l(g) = -g - 5. Let o(z) = -z + 1. Let y = -3 + 2. Let b(c) = y*l(c) + 2*o(c). Determine b(6).
1
Let q(w) = -2*w**2 - 9*w + 10. Suppose -h = -2*t + 3*t + 5, 4*h + 22 = -2*t. What is q(h)?
-8
Let i = 1403 - 1406. Let c(x) be the first derivative of x**3/3 + x - 1. Calculate c(i).
10
Let p(x) = 1 + x**3 - 18 + 7 + 2*x**2 + 8. Let l = 5 - 7. Give p(l).
-2
Let p = -5 + 8. Suppose w = -a + 1, 5*a + p*w + 2 = 13. Let x(g) = 5*g**2 - 10*g - 5. Let i(m) = 6*m**2 - 11*m - 6. Let u(o) = a*i(o) - 5*x(o). Give u(4).
9
Let a(j) = 18*j + 1. Let y be (0 - (-2)/(-14))/((-16)/112). Determine a(y).
19
Let j = -96 - -96. Let n(i) be the third derivative of 1/4*i**4 + 0 + j*i - i**2 + i**3 - 1/60*i**5. Determine n(5).
11
Let h be 0/(-4) - (0 + 0). Let m = h + 5. Let c(r) = 0*r**2 - 6 + 10*r - 8*r - r**2 + 5*r. Give c(m).
4
Suppose -2*o + 4*l - 4 = 0, -1 = -4*l + 7. Let k(u) = 10*u**2 - 2*u + 3. Determine k(o).
39
Let j(u) = -u**2 - 6*u - 3. Suppose n + 3*p - 20 = 0, p + 48 - 7 = 4*n. Suppose -4*d = 3*r - n + 32, -4*d = 5*r + 27. What is j(d)?
6
Let v be (-2 + 1)/(((-21)/3)/(-49)). Let u(s) = 4*s + 31. Let x be u(v). Let k(m) = m**2 + 2*m**2 - 6*m**2 + 2*m + 3. Determine k(x).
-18
Let k = 160 + -151. Suppose -3*w + 4 = 4*v, -15 + k = v - w. Let a(b) be the first derivative of b**3 + 3*b**2/2 - 1. What is a(v)?
6
Let z be (-51)/119 - (-272)/14. Let d = z - 25. Let g(i) = 3*i + 9. Calculate g(d).
-9
Let w(u) be the third derivative of u**6/120 + u**5/12 + u**4/24 - 221*u**2 - 2*u. Calculate w(-4).
12
Let b(h) = 3*h + 8. Suppose -18*j + 13*j - 4*c = 35, -5*c = -4*j - 28. What is b(j)?
-13
Let b(v) = 17 